2a23?
-3084
In base 3, what is 11222 - -101012?
120011
In base 16, what is 1 + 119c?
119d
In base 15, what is 13 - -11a44?
11a57
In base 6, what is 11 + 125330?
125341
In base 16, what is d - 29946?
-29939
In base 5, what is -241 + 104234?
103443
In base 14, what is 37 - -17578?
175b1
In base 2, what is 1000000101100 - 101010011?
111011011001
In base 13, what is 6 - -8658?
8661
In base 16, what is 1b2 - 292?
-e0
In base 4, what is 103003001 - -2?
103003003
In base 8, what is 44556 + 5?
44563
In base 10, what is 4 - 158587?
-158583
In base 7, what is -5 - 20005045?
-20005053
In base 14, what is ba77 - 28?
ba4d
In base 2, what is 11110011111 - -10110110?
100001010101
In base 12, what is -9b + 142?
63
In base 16, what is 0 - 1ac12?
-1ac12
In base 3, what is 121112 - -202?
122021
In base 6, what is 25 + 2404?
2433
In base 3, what is -12200201020121 - 2?
-12200201020200
In base 11, what is -5 + -12445?
-1244a
In base 7, what is 5 + -1201?
-1163
In base 10, what is 0 - -594?
594
In base 12, what is 5 + 1324?
1329
In base 4, what is 10230 + -121?
10103
In base 4, what is -2 + -120020310?
-120020312
In base 10, what is 11 - 14085?
-14074
In base 11, what is -135691 - -3?
-135689
In base 10, what is -14 + -176666?
-176680
In base 6, what is 15 - 152045?
-152030
In base 12, what is -5b837b + -3?
-5b8382
In base 8, what is -1 + -77416?
-77417
In base 15, what is 653 + 0?
653
In base 9, what is 4 + 210558?
210563
In base 10, what is -15 + -286?
-301
In base 4, what is 313 + -12323312?
-12322333
In base 8, what is -412152 - 4?
-412156
In base 12, what is 52078 - -5?
52081
In base 6, what is -2242 + -1401?
-4043
In base 15, what is -5b + -1?
-5c
In base 12, what is -10a44 - 28?
-10a70
In base 8, what is -57 - -13133?
13054
In base 12, what is 705 + 5b5?
10ba
In base 12, what is 10a + -3b58?
-3a4a
In base 3, what is -11001 + -102022022?
-102110100
In base 12, what is 2ab04a - 3?
2ab047
In base 5, what is -22 - -110003?
104431
In base 9, what is -23318 - 78?
-23407
In base 13, what is 923 + -5?
91b
In base 5, what is 2 - -124430111?
124430113
In base 13, what is 277b8 + 2?
277ba
In base 14, what is -c835 - 1?
-c836
In base 6, what is -420344 - -11?
-420333
In base 16, what is 5eac + 5?
5eb1
In base 15, what is 5 - -3880?
3885
In base 10, what is -52 - 609?
-661
In base 10, what is -3329 - 1820?
-5149
In base 14, what is 200a - -13?
201d
In base 12, what is -2 + -32945?
-32947
In base 4, what is 22100223111 - -10?
22100223121
In base 4, what is 1232 - -32202?
100100
In base 4, what is 10 + 13131100?
13131110
In base 5, what is 4 - -123401023?
123401032
In base 16, what is -f - 1831?
-1840
In base 12, what is -69 - -1091?
1024
In base 6, what is 1421101 + 3?
1421104
In base 12, what is 1 - -306a8?
306a9
In base 11, what is 1 - 5a316?
-5a315
In base 7, what is -23 + -1304566?
-1304622
In base 8, what is 645 + -22?
623
In base 2, what is 101101000101 - -111?
101101001100
In base 13, what is 0 - 76033?
-76033
In base 10, what is -666 + 231?
-435
In base 14, what is -40 + 63?
23
In base 11, what is 36 - -51a2?
5228
In base 11, what is 8734 + 13a?
8873
In base 5, what is -242 - 24211?
-30003
In base 13, what is 10c8c3 + 2?
10c8c5
In base 13, what is -40 - 2bb4?
-2c24
In base 6, what is 1423530 - -41?
1424011
In base 13, what is -54 + -2545?
-2599
In base 6, what is 1013 - 330?
243
In base 6, what is 13 - 3023523?
-3023510
In base 15, what is 915 - -4?
919
In base 10, what is -3 + 153547?
153544
In base 12, what is -4 - 158462?
-158466
In base 5, what is -134 - -131203?
131014
In base 13, what is -50 + -56?
-a6
In base 11, what is -509472 - 5?
-509477
In base 13, what is 8 + -1b76?
-1b6b
In base 5, what is 4414230 + 4?
4414234
In base 16, what is -1c - e7?
-103
In base 15, what is -211a - -37?
-20d3
In base 10, what is 1 + -537119?
-537118
In base 14, what is -4 - -1d6?
1d2
In base 3, what is -12 + 200201112?
200201100
In base 15, what is -1 + -1c1e1?
-1c1e2
In base 10, what is -443820 - 5?
-443825
In base 13, what is 931c0 - 13?
931aa
In base 6, what is -23 - -23014?
22551
In base 7, what is 20305134 + -2?
20305132
In base 5, what is -104244140 + 3?
-104244132
In base 14, what is 2138 - 1?
2137
In base 9, what is -2674 - -115?
-2558
In base 9, what is -624536 - -1?
-624535
In base 12, what is 1964a + 2?
19650
In base 7, what is 22 + 231014?
231036
In base 12, what is 2b14 + -12a?
29a6
In base 5, what is 10214013 - 2?
10214011
In base 9, what is -5 + 23101?
23085
In base 13, what is 6510 - -161?
6671
In base 12, what is -5 + 15a36?
15a31
In base 6, what is -121 + 3523?
3402
In base 9, what is 2018 - 477?
1431
In base 9, what is 140 + -2241?
-2101
In base 13, what is 6748 + 4?
674c
In base 15, what is 4 - 873a1?
-8739c
In base 4, what is 100111 + -200?
33311
In base 11, what is -12a + -844?
-973
In base 6, what is 4 + 1522314?
1522322
In base 4, what is 22231323002 + 0?
22231323002
In base 14, what is 82 + 90?
132
In base 5, what is -3 + 114304?
114301
In base 13, what is 7 - 20562?
-20558
In base 6, what is -11 + -515024?
-515035
In base 11, what is -780 - 2?
-782
In base 15, what is 7042a - 3?
70427
In base 6, what is 1 - -314103?
314104
In base 8, what is 147 + -15364?
-15215
In base 13, what is 8 + 5abb?
5ac6
In base 8, what is 22 + -15570?
-15546
In base 6, what is -152 + -13011?
-13203
In base 7, what is -65 + 30346?
30251
In base 8, what is 14 + -14551?
-14535
In base 8, what is 30 + 2462?
2512
In base 7, what is -2415 - 52?
-2500
In base 9, what is 3 + -143020?
-143016
In base 14, what is 1b + -170a?
-16cd
In base 9, what is 12 - 1660?
-1647
In base 11, what is -3 + -562a7?
-562aa
In base 16, what is 4 - -2ab62?
2ab66
In base 13, what is -224 - -8cb?
6a7
In base 12, what is -52 - 2375?
-2407
In base 10, what is 3186 + 161?
3347
In base 6, what is 232 + 2544?
3220
In base 4, what is -1031001 + -3?
-1031010
In base 14, what is -62 - 1882?
-1904
In base 15, what is -14 - 50ec?
-5111
In base 8, what is -3206 + -777?
-4205
In base 3, what is -10 - 110101121?
-110101201
In base 13, what is 588 + 33?
5bb
In base 10, what is 127 + -1066?
-939
In base 2, what is 10011010110001001 - -101?
10011010110001110
In base 11, what is 280 - -302?
582
In base 10, what is 795690 - -5?
795695
In base 7, what is -5 + -135661?
-135666
In base 8, what is -73 - -335?
242
In base 3, what is -11110120102 + -100?
-11110120202
In base 9, what is -200078 + 3?
-200075
In base 9, what is 202388 + 2?
202401
In base 14, what is 2 + 3286?
3288
In base 3, what is -11120 - 1120122102?
-1120210222
In base 10, what is 4 + 6235?
6239
In base 9, what is 5 - 25444?
-25438
In base 6, what is -4 + -1530224?
-1530232
In base 4, what is -323113132 + 0?
-323113132
In base 3, what is -21120002002 - 11?
-21120002020
In base 13, what is -3 - -3c981?
3c97b
In base 11, what is -1a144 - -45?
-1a0aa
In base 6, what is 1011331 - 51?
1011240
In base 7, what is -3 + -352423?
-352426
In base 15, what is -4 - -126c?
1268
In base 16, what is -3d95 + 14e?
-3c47
In base 9, what is 1 - -1604?
1605
In base 8, what is -675 + 372?
-303
In base 3, what is 11 - -11102111?
11102122
In base 7, what is 6055506 - -1?
6055510
In base 7, what is 55 + -1021?
-633
In base 2, what is -101110010011 - -1000100111?
-100101101100
In base 12, what is -694b - -25?
-6926
In base 14, what is -7 + -2db9?
-2dc2
In base 16, what is -21 + 5b7?
596
In base 7, what is -156200 + 2?
-156165
In base 12, what is 15a044 + -1?
15a043
In base 15, what is 269b + -3a?
2661
In base 16, what is -f1 + -647?
-738
In base 3, what is -121 - 10002?
-10200
In base 14, what is 36 - -b484?
b4ba
In base 2, what is -1001001 + -1010110?
-10011111
In base 5, what is 4 - 104414021?
-104414012
In base 13, what is 5 - -26a4?
26a9
In base 2, what is 1011100111 + 1000110?
1100101101
In base 10, what is 60031 - -7?
60038
In base 6, what is 34400 - -13?
34413
In base 7, what is -1166661 - -2?
-1166656
In base 6, what is -1 - 13040?
-13041
In base 10, what is -91 + 11213?
11122
In base 10, what is 23523 - 4?
23519
In base 9, what is 24128 + 4?
24133
In base 15, what is 6c3 - 44?
67e
In base 11, what is -6922 + 12?
-6910
In base 15, what is 422 - -26?
448
In base 15, what is -521 + 14?
-50c
In base 7, what is -15530 - -3?
-15524
In base 6, what is -101441 + 111?
-101330
In bas